{"id":6800,"date":"2019-11-02T02:32:13","date_gmt":"2019-11-02T01:32:13","guid":{"rendered":"https:\/\/galilea-abogados.es\/news\/"},"modified":"2025-01-17T12:59:07","modified_gmt":"2025-01-17T11:59:07","slug":"blog","status":"publish","type":"page","link":"https:\/\/galilea-abogados.es\/en\/blog\/","title":{"rendered":"Blog"},"content":{"rendered":"\t\t<div data-elementor-type=\"wp-page\" data-elementor-id=\"6800\" class=\"elementor elementor-6800 elementor-123\" data-elementor-post-type=\"page\">\n\t\t\t\t        <section class=\"elementor-section elementor-top-section elementor-element elementor-element-4f12f44b elementor-section-content-middle elementor-section-boxed elementor-section-height-default elementor-section-height-default ct-header-fixed-none ct-row-max-none\" data-id=\"4f12f44b\" data-element_type=\"section\">\n            \n                        <div class=\"elementor-container elementor-column-gap-extended \">\n                    <div class=\"elementor-column elementor-col-100 elementor-top-column elementor-element elementor-element-607e712a\" data-id=\"607e712a\" data-element_type=\"column\">\n        <div class=\"elementor-widget-wrap elementor-element-populated\">\n                    \n        \t\t<div class=\"elementor-element elementor-element-33eb12a5 elementor-widget elementor-widget-ct_heading\" data-id=\"33eb12a5\" data-element_type=\"widget\" data-widget_type=\"ct_heading.default\">\n\t\t\t\t<div class=\"elementor-widget-container\">\n\t\t\t<div id=\"ct_heading-33eb12a5\" class=\"ct-heading h-align-center sub-style1 ct-heading-left item-st-default\">\r\n\t<div class=\"ct-item--inner\">\r\n        <div class=\"ct-inline-css\"  data-css=\"\r\n            \">\r\n        <\/div>\r\n            \t\t<div class=\"item--sub-title style1 show-line\">\r\n                                                News                                                            <\/div>\r\n    \t        <h3 class=\"item--title st-default case-animate-time\" data-wow-delay=\"ms\">\r\n                        <span class=\"sp-main\">\r\n                \r\n                Find out more in our latest blog!\r\n                \r\n                            <\/span>\r\n                    <\/h3>\r\n    <\/div>\r\n<\/div>\t\t<\/div>\n\t\t\t\t<\/div>\n\t\t            <\/div>\n        <\/div>\n                    <\/div>\n        <\/section>\n        <div class=\"elementor-element elementor-element-cedf7e7 e-flex e-con-boxed e-con e-parent\" data-id=\"cedf7e7\" data-element_type=\"container\">\n\t\t\t\t\t<div class=\"e-con-inner\">\n\t\t<div class=\"elementor-element elementor-element-e986515 e-con-full e-flex e-con e-child\" data-id=\"e986515\" data-element_type=\"container\">\n\t\t\t\t<div class=\"elementor-element elementor-element-2a55241 elementor-widget elementor-widget-ct_blog_carousel\" data-id=\"2a55241\" data-element_type=\"widget\" data-widget_type=\"ct_blog_carousel.default\">\n\t\t\t\t<div class=\"elementor-widget-container\">\n\t\t\t\r\n<div id=\"ct_blog_carousel-2a55241\" class=\"ct-blog-carousel-layout4 slick-boxshadow  ct-slick-slider style1 \">\r\n    <div class=\"ct-carousel-inner\">\r\n        <div class=\"ct-slick-carousel\" data-arrows=\"true\" data-dots=\"true\" data-pauseOnHover=\"true\" data-autoplay=\"false\" data-autoplaySpeed=\"5000\" data-infinite=\"true\" data-speed=\"500\" data-dir=\"false\" data-colxs=\"1\" data-colsm=\"2\" data-colmd=\"2\" data-collg=\"2\" data-colxl=\"2\" data-slidesToScroll=\"2\">\r\n\r\n                    <div class=\"carousel-item slick-slide\">\r\n                <div class=\"grid-item-inner \">\r\n                                            <div class=\"item--featured\">\r\n                            <a href=\"https:\/\/galilea-abogados.es\/en\/spanish-citizenship-by-residence-2025-%f0%9f%87%aa%f0%9f%87%b8\/\"><img fetchpriority=\"high\" decoding=\"async\" width=\"600\" height=\"250\" src=\"https:\/\/galilea-abogados.es\/wp-content\/uploads\/2025\/03\/nacionalidad-espanola-por-residencia-2025-1-600x250.png\" class=\"attachment-consultio-medium\" alt=\"text\" \/><\/a>\r\n                                                    <\/div>\r\n                                        <div class=\"item--body\">\r\n                        <div class=\"item--holder\">\r\n                                                            <ul class=\"item--meta\">\r\n                                                                            <li class=\"item-date\"><i class=\"fac fac-calendar-alt\"><\/i>March 31, 2025<\/li>\r\n                                                                                                        <\/ul>\r\n                                                        <h3 class=\"item--title\"><a href=\"https:\/\/galilea-abogados.es\/en\/spanish-citizenship-by-residence-2025-%f0%9f%87%aa%f0%9f%87%b8\/\">Spanish Citizenship by Residence 2025 \ud83c\uddea\ud83c\uddf8<\/a><\/h3>\r\n                                                                                        <div class=\"item--readmore\">\r\n                                    <a class=\"btn-arrow\" href=\"https:\/\/galilea-abogados.es\/en\/spanish-citizenship-by-residence-2025-%f0%9f%87%aa%f0%9f%87%b8\/\">\r\n                                        <span>\r\n                                            Read more                                        <\/span>\r\n                                        <i class=\"flaticonv2-right-arrow\"><\/i>\r\n                                    <\/a>\r\n                                <\/div>\r\n                                                    <\/div>\r\n                    <\/div>\r\n                <\/div>\r\n            <\/div>\r\n                    <div class=\"carousel-item slick-slide\">\r\n                <div class=\"grid-item-inner \">\r\n                                            <div class=\"item--featured\">\r\n                            <a href=\"https:\/\/galilea-abogados.es\/en\/modification-of-residence-and-work-permit-from-employment-to-self-employment\/\"><img decoding=\"async\" width=\"600\" height=\"250\" src=\"https:\/\/galilea-abogados.es\/wp-content\/uploads\/2025\/03\/modificacion-permiso-cp-a-ca-600x250.png\" class=\"attachment-consultio-medium\" alt=\"text\" \/><\/a>\r\n                                                    <\/div>\r\n                                        <div class=\"item--body\">\r\n                        <div class=\"item--holder\">\r\n                                                            <ul class=\"item--meta\">\r\n                                                                            <li class=\"item-date\"><i class=\"fac fac-calendar-alt\"><\/i>March 11, 2025<\/li>\r\n                                                                                                        <\/ul>\r\n                                                        <h3 class=\"item--title\"><a href=\"https:\/\/galilea-abogados.es\/en\/modification-of-residence-and-work-permit-from-employment-to-self-employment\/\">Modification of Residence and Work Permit from Employment to Self-Employment<\/a><\/h3>\r\n                                                                                        <div class=\"item--readmore\">\r\n                                    <a class=\"btn-arrow\" href=\"https:\/\/galilea-abogados.es\/en\/modification-of-residence-and-work-permit-from-employment-to-self-employment\/\">\r\n                                        <span>\r\n                                            Read more                                        <\/span>\r\n                                        <i class=\"flaticonv2-right-arrow\"><\/i>\r\n                                    <\/a>\r\n                                <\/div>\r\n                                                    <\/div>\r\n                    <\/div>\r\n                <\/div>\r\n            <\/div>\r\n                    <div class=\"carousel-item slick-slide\">\r\n                <div class=\"grid-item-inner \">\r\n                                            <div class=\"item--featured\">\r\n                            <a href=\"https:\/\/galilea-abogados.es\/en\/visa-exempt-countries-for-spain%e2%9c%88%ef%b8%8f\/\"><img decoding=\"async\" width=\"600\" height=\"250\" src=\"https:\/\/galilea-abogados.es\/wp-content\/uploads\/2025\/02\/visa-exempt-600x250.png\" class=\"attachment-consultio-medium\" alt=\"text\" \/><\/a>\r\n                                                    <\/div>\r\n                                        <div class=\"item--body\">\r\n                        <div class=\"item--holder\">\r\n                                                            <ul class=\"item--meta\">\r\n                                                                            <li class=\"item-date\"><i class=\"fac fac-calendar-alt\"><\/i>February 13, 2025<\/li>\r\n                                                                                                        <\/ul>\r\n                                                        <h3 class=\"item--title\"><a href=\"https:\/\/galilea-abogados.es\/en\/visa-exempt-countries-for-spain%e2%9c%88%ef%b8%8f\/\">Visa-Exempt Countries for Spain\u2708\ufe0f<\/a><\/h3>\r\n                                                                                        <div class=\"item--readmore\">\r\n                                    <a class=\"btn-arrow\" href=\"https:\/\/galilea-abogados.es\/en\/visa-exempt-countries-for-spain%e2%9c%88%ef%b8%8f\/\">\r\n                                        <span>\r\n                                            Read more                                        <\/span>\r\n                                        <i class=\"flaticonv2-right-arrow\"><\/i>\r\n                                    <\/a>\r\n                                <\/div>\r\n                                                    <\/div>\r\n                    <\/div>\r\n                <\/div>\r\n            <\/div>\r\n                    <div class=\"carousel-item slick-slide\">\r\n                <div class=\"grid-item-inner \">\r\n                                            <div class=\"item--featured\">\r\n                            <a href=\"https:\/\/galilea-abogados.es\/en\/the-new-travel-authorization-for-spain-etias%f0%9f%94%94\/\"><img loading=\"lazy\" decoding=\"async\" width=\"600\" height=\"250\" src=\"https:\/\/galilea-abogados.es\/wp-content\/uploads\/2025\/02\/etias-2-600x250.png\" class=\"attachment-consultio-medium\" alt=\"text\" \/><\/a>\r\n                                                    <\/div>\r\n                                        <div class=\"item--body\">\r\n                        <div class=\"item--holder\">\r\n                                                            <ul class=\"item--meta\">\r\n                                                                            <li class=\"item-date\"><i class=\"fac fac-calendar-alt\"><\/i>February 13, 2025<\/li>\r\n                                                                                                        <\/ul>\r\n                                                        <h3 class=\"item--title\"><a href=\"https:\/\/galilea-abogados.es\/en\/the-new-travel-authorization-for-spain-etias%f0%9f%94%94\/\">The new travel authorization for Spain: ETIAS\ud83d\udd14<\/a><\/h3>\r\n                                                                                        <div class=\"item--readmore\">\r\n                                    <a class=\"btn-arrow\" href=\"https:\/\/galilea-abogados.es\/en\/the-new-travel-authorization-for-spain-etias%f0%9f%94%94\/\">\r\n                                        <span>\r\n                                            Read more                                        <\/span>\r\n                                        <i class=\"flaticonv2-right-arrow\"><\/i>\r\n                                    <\/a>\r\n                                <\/div>\r\n                                                    <\/div>\r\n                    <\/div>\r\n                <\/div>\r\n            <\/div>\r\n                    <div class=\"carousel-item slick-slide\">\r\n                <div class=\"grid-item-inner \">\r\n                                            <div class=\"item--featured\">\r\n                            <a href=\"https:\/\/galilea-abogados.es\/en\/everything-about-the-invitation-letter-requirements-documentation-and-costs%f0%9f%9a%80\/\"><img loading=\"lazy\" decoding=\"async\" width=\"600\" height=\"250\" src=\"https:\/\/galilea-abogados.es\/wp-content\/uploads\/2025\/01\/carta-de-invitacion-en-600x250.png\" class=\"attachment-consultio-medium\" alt=\"carta inv. en\" \/><\/a>\r\n                                                    <\/div>\r\n                                        <div class=\"item--body\">\r\n                        <div class=\"item--holder\">\r\n                                                            <ul class=\"item--meta\">\r\n                                                                            <li class=\"item-date\"><i class=\"fac fac-calendar-alt\"><\/i>January 22, 2025<\/li>\r\n                                                                                                        <\/ul>\r\n                                                        <h3 class=\"item--title\"><a href=\"https:\/\/galilea-abogados.es\/en\/everything-about-the-invitation-letter-requirements-documentation-and-costs%f0%9f%9a%80\/\">Everything about the Invitation Letter: Requirements, Documentation, and Costs\ud83d\ude80<\/a><\/h3>\r\n                                                                                        <div class=\"item--readmore\">\r\n                                    <a class=\"btn-arrow\" href=\"https:\/\/galilea-abogados.es\/en\/everything-about-the-invitation-letter-requirements-documentation-and-costs%f0%9f%9a%80\/\">\r\n                                        <span>\r\n                                            Read more                                        <\/span>\r\n                                        <i class=\"flaticonv2-right-arrow\"><\/i>\r\n                                    <\/a>\r\n                                <\/div>\r\n                                                    <\/div>\r\n                    <\/div>\r\n                <\/div>\r\n            <\/div>\r\n                    <div class=\"carousel-item slick-slide\">\r\n                <div class=\"grid-item-inner \">\r\n                                            <div class=\"item--featured\">\r\n                            <a href=\"https:\/\/galilea-abogados.es\/en\/expulsion-order-in-spain-what-it-means-and-how-we-can-help-you%f0%9f%9a%80\/\"><img loading=\"lazy\" decoding=\"async\" width=\"600\" height=\"250\" src=\"https:\/\/galilea-abogados.es\/wp-content\/uploads\/2025\/01\/ord-expul-2-600x250.png\" class=\"attachment-consultio-medium\" alt=\"ord exp EN\" \/><\/a>\r\n                                                    <\/div>\r\n                                        <div class=\"item--body\">\r\n                        <div class=\"item--holder\">\r\n                                                            <ul class=\"item--meta\">\r\n                                                                            <li class=\"item-date\"><i class=\"fac fac-calendar-alt\"><\/i>January 13, 2025<\/li>\r\n                                                                                                        <\/ul>\r\n                                                        <h3 class=\"item--title\"><a href=\"https:\/\/galilea-abogados.es\/en\/expulsion-order-in-spain-what-it-means-and-how-we-can-help-you%f0%9f%9a%80\/\">Expulsion order in Spain: What it means and how we can help you\ud83d\ude80<\/a><\/h3>\r\n                                                                                        <div class=\"item--readmore\">\r\n                                    <a class=\"btn-arrow\" href=\"https:\/\/galilea-abogados.es\/en\/expulsion-order-in-spain-what-it-means-and-how-we-can-help-you%f0%9f%9a%80\/\">\r\n                                        <span>\r\n                                            Read more                                        <\/span>\r\n                                        <i class=\"flaticonv2-right-arrow\"><\/i>\r\n                                    <\/a>\r\n                                <\/div>\r\n                                                    <\/div>\r\n                    <\/div>\r\n                <\/div>\r\n            <\/div>\r\n                <\/div>\r\n    <\/div>\r\n<\/div>\r\n\t\t<\/div>\n\t\t\t\t<\/div>\n\t\t\t\t<\/div>\n\t\t\t\t\t<\/div>\n\t\t\t\t<\/div>\n\t\t<div class=\"elementor-element elementor-element-d524e29 e-flex e-con-boxed e-con e-parent\" data-id=\"d524e29\" data-element_type=\"container\">\n\t\t\t\t\t<div class=\"e-con-inner\">\n\t\t\t\t<div class=\"elementor-element elementor-element-0042135 elementor-align-center elementor-widget elementor-widget-ct_button\" data-id=\"0042135\" data-element_type=\"widget\" data-widget_type=\"ct_button.default\">\n\t\t\t\t<div class=\"elementor-widget-container\">\n\t\t\t<div id=\"ct_button-0042135\" class=\"ct-button-wrapper ct-button-layout1 icon- btn--inline \">\r\n    <div class=\"ct-inline-css\"  data-css=\"\r\n        \">\r\n    <\/div>\r\n            <span class=\"ct-icon-active\"><\/span>\r\n        <a href=\"#https:\/\/galilea-abogados.es\/en\/schedule-a-consultation\/\" class=\"btn btn-default icon-active btn-inline-block  \" data-wow-delay=\"ms\">\r\n                            <span class=\"ct-button-icon ct-align-icon-\">\r\n                            <\/span>\r\n                <span class=\"ct-button-text\">BOOK YOUR APPOINTMENT<\/span>\r\n    <\/a>\r\n<\/div>\t\t<\/div>\n\t\t\t\t<\/div>\n\t\t\t\t\t<\/div>\n\t\t\t\t<\/div>\n\t\t\t\t<\/div>\n\t\t","protected":false},"excerpt":{"rendered":"<p>Mantente informado con las \u00faltimas noticias y actualizaciones sobre extranjer\u00eda y legislaci\u00f3n en Espa\u00f1a. En Galilea Abogados, compartimos informaci\u00f3n relevante para ayudarte en tus tr\u00e1mites y decisiones legales. <\/p>\n","protected":false},"author":1,"featured_media":0,"parent":0,"menu_order":0,"comment_status":"closed","ping_status":"closed","template":"","meta":{"_acf_changed":false,"content-type":"","footnotes":""},"class_list":["post-6800","page","type-page","status-publish","hentry"],"acf":[],"aioseo_notices":[],"_links":{"self":[{"href":"https:\/\/galilea-abogados.es\/en\/wp-json\/wp\/v2\/pages\/6800","targetHints":{"allow":["GET"]}}],"collection":[{"href":"https:\/\/galilea-abogados.es\/en\/wp-json\/wp\/v2\/pages"}],"about":[{"href":"https:\/\/galilea-abogados.es\/en\/wp-json\/wp\/v2\/types\/page"}],"author":[{"embeddable":true,"href":"https:\/\/galilea-abogados.es\/en\/wp-json\/wp\/v2\/users\/1"}],"replies":[{"embeddable":true,"href":"https:\/\/galilea-abogados.es\/en\/wp-json\/wp\/v2\/comments?post=6800"}],"version-history":[{"count":38,"href":"https:\/\/galilea-abogados.es\/en\/wp-json\/wp\/v2\/pages\/6800\/revisions"}],"predecessor-version":[{"id":9069,"href":"https:\/\/galilea-abogados.es\/en\/wp-json\/wp\/v2\/pages\/6800\/revisions\/9069"}],"wp:attachment":[{"href":"https:\/\/galilea-abogados.es\/en\/wp-json\/wp\/v2\/media?parent=6800"}],"curies":[{"name":"wp","href":"https:\/\/api.w.org\/{rel}","templated":true}]}}

<p>Mantente informado con las últimas noticias y actualizaciones sobre extranjería y legislación en España. En Galilea Abogados, compartimos información relevante para ayudarte en tus trámites y decisiones legales. </p>
